test common factor of 45 and 10545?
15
What is the highest common divisor of 666626 and 596?
298
What is the greatest common factor of 334275 and 75?
75
What is the highest common divisor of 29286 and 72?
18
Calculate the highest common divisor of 122658 and 6.
6
What is the greatest common factor of 381 and 6223?
127
What is the highest common factor of 175296 and 44?
44
What is the highest common factor of 874 and 6670?
46
What is the highest common divisor of 1422 and 234?
18
Calculate the highest common factor of 1408 and 56.
8
Calculate the highest common factor of 24930 and 3.
3
What is the greatest common factor of 504 and 3129?
21
What is the highest common factor of 440 and 29040?
440
What is the highest common divisor of 33 and 61127?
11
Calculate the highest common factor of 2192 and 2215016.
1096
What is the highest common divisor of 160 and 74840?
40
What is the greatest common divisor of 85069 and 970?
97
What is the greatest common factor of 56 and 208306?
14
What is the highest common divisor of 4752 and 19305?
297
Calculate the highest common factor of 1345202 and 454.
454
Calculate the greatest common divisor of 256 and 1590016.
256
Calculate the greatest common divisor of 1341 and 4149.
9
Calculate the greatest common factor of 7268 and 4108.
316
Calculate the highest common factor of 770 and 739046.
154
What is the greatest common factor of 204 and 55148?
68
What is the highest common factor of 23009 and 5?
1
What is the highest common factor of 397 and 11025881?
397
What is the highest common factor of 175756 and 2604?
28
Calculate the greatest common factor of 2165800 and 1700.
1700
Calculate the greatest common factor of 130 and 20878.
26
Calculate the highest common factor of 5285 and 1085.
35
Calculate the greatest common divisor of 80 and 1343440.
80
Calculate the greatest common factor of 43464 and 552.
24
What is the greatest common divisor of 105 and 27972?
21
What is the greatest common divisor of 253618 and 4844?
346
What is the greatest common divisor of 58799 and 169?
13
What is the greatest common factor of 2419 and 52111?
41
Calculate the greatest common divisor of 13169 and 117.
13
Calculate the greatest common divisor of 12070 and 3910.
170
Calculate the highest common divisor of 429725 and 100.
25
What is the highest common factor of 24 and 57048?
24
What is the highest common divisor of 187 and 7139?
11
What is the greatest common divisor of 380 and 32756?
76
What is the highest common divisor of 68670 and 390?
30
Calculate the highest common divisor of 9072 and 2432592.
1296
Calculate the greatest common factor of 1065182 and 122.
122
Calculate the highest common divisor of 58557 and 12.
3
What is the greatest common factor of 3504 and 84?
12
What is the greatest common divisor of 219400 and 1800?
200
What is the highest common divisor of 1950 and 156075?
75
What is the greatest common factor of 144924 and 1599?
39
Calculate the highest common factor of 13493 and 1133.
103
Calculate the greatest common divisor of 5481006 and 6.
6
Calculate the highest common divisor of 268 and 20569.
67
What is the greatest common factor of 216 and 224?
8
What is the greatest common divisor of 402 and 24254?
134
Calculate the greatest common factor of 176840 and 80.
40
What is the greatest common factor of 102166 and 92?
46
What is the greatest common factor of 16985 and 86?
43
What is the greatest common factor of 3988402 and 242?
242
What is the greatest common divisor of 879620 and 1281?
427
Calculate the greatest common divisor of 308 and 2893.
11
Calculate the highest common factor of 1616 and 77972.
404
Calculate the highest common factor of 84 and 19852.
28
Calculate the highest common factor of 4250048 and 1408.
704
Calculate the highest common factor of 261 and 7791111.
261
What is the greatest common factor of 94120 and 16?
8
What is the greatest common divisor of 6400 and 7400?
200
Calculate the highest common factor of 136 and 16898.
34
Calculate the highest common factor of 117896 and 208.
8
Calculate the greatest common divisor of 29605 and 4495.
155
What is the highest common factor of 270 and 19116?
54
Calculate the greatest common factor of 15419 and 6817.
17
What is the greatest common divisor of 93397 and 118?
59
Calculate the greatest common factor of 614172 and 2976.
372
What is the greatest common factor of 14524977 and 573?
573
What is the highest common divisor of 4200 and 903840?
840
What is the greatest common factor of 3215370 and 570?
570
Calculate the greatest common factor of 904160 and 240.
80
Calculate the greatest common factor of 73 and 87673.
73
Calculate the greatest common divisor of 975 and 4050.
75
Calculate the greatest common factor of 21 and 582057.
21
Calculate the highest common factor of 1340 and 615.
5
Calculate the highest common divisor of 95232 and 16368.
1488
What is the greatest common divisor of 1525 and 107055?
305
What is the greatest common divisor of 1650 and 15230325?
825
Calculate the greatest common factor of 1670 and 43086.
334
Calculate the highest common divisor of 2502 and 12240.
18
Calculate the highest common factor of 1917909 and 882.
441
What is the highest common factor of 102 and 357?
51
What is the greatest common divisor of 7 and 15953?
7
What is the highest common divisor of 300 and 10824?
12
What is the greatest common factor of 11 and 327679?
11
What is the highest common divisor of 101328 and 16?
16
What is the highest common factor of 7802085 and 113?
113
Calculate the highest common factor of 1015 and 6685.
35
Calculate the greatest common divisor of 14835 and 1419.
129
Calculate the greatest common divisor of 72898 and 3731.
287
What is the highest common divisor of 386873 and 789?
263
What is the highest common divisor of 34 and 8106450?
34
Calculate the highest common factor of 6025 and 6975.
25
Calculate the greatest common factor of 3828 and 3219.
87
What is the highest common factor of 14650 and 250?
50
What is the greatest common factor of 148 and 608?
4
Calculate the greatest common divisor of 53065 and 410.
5
Calculate the highest common factor of 88 and 101288.
88
Calculate the highest common factor of 101170 and 2265.
755
What is the greatest common factor of 54442 and 668?
334
What is the highest common divisor of 2996 and 721?
7
What is the greatest common factor of 14042 and 2618?
238
Calculate the highest common factor of 990 and 419100.
330
Calculate the highest common divisor of 4433 and 10881.
403
What is the greatest common divisor of 621 and 58581?
207
Calculate the highest common divisor of 297425 and 100.
25
What is the highest common factor of 150745 and 735?
35
Calculate the greatest common factor of 252 and 3276.
252
Calculate the highest common factor of 1146 and 648.
6
Calculate the greatest common divisor of 1907562 and 2755.
551
What is the highest common factor of 40 and 1403320?
40
Calculate the highest common divisor of 80 and 118380.
20
Calculate the greatest common factor of 2199 and 1133951.
733
What is the greatest common divisor of 94052 and 532?
28
Calculate the greatest common divisor of 1558 and 273828.
38
Calculate the greatest common factor of 413 and 8279411.
413
What is the greatest common divisor of 13908 and 363804?
732
Calculate the greatest common divisor of 14168921 and 13.
13
What is the highest common factor of 732 and 68784?
12
What is the greatest common factor of 314 and 4299602?
314
What is the highest common divisor of 205229 and 299?
23
Calculate the highest common divisor of 888 and 68.
4
Calculate the highest common factor of 72120 and 45.
15
What is the greatest common divisor of 55014 and 153624?
1038
What is the greatest common factor of 41355 and 3495?
15
What is the greatest common divisor of 121800 and 16965?
435
Calculate the greatest common divisor of 26964 and 252.
252
What is the highest common factor of 532 and 12292?
28
Calculate the highest common factor of 20951 and 207788.
287
What is the highest common divisor of 44 and 872?
4
What is the highest common divisor of 604042 and 236?
118
Calculate the greatest common factor of 4859 and 1161.
43
What is the highest common factor of 4879 and 21812?
287
What is the greatest common factor of 240124 and 1735?
347
Calculate th